{"id":5686,"date":"2026-03-02T14:11:03","date_gmt":"2026-03-02T14:11:03","guid":{"rendered":"https:\/\/wildhologram.com\/?page_id=5686"},"modified":"2026-04-14T20:26:04","modified_gmt":"2026-04-14T20:26:04","slug":"arqueologia-del-alma","status":"publish","type":"page","link":"https:\/\/wildhologram.com\/?page_id=5686","title":{"rendered":"Arqueolog\u00eda del Alma"},"content":{"rendered":"\t\t<div data-elementor-type=\"wp-page\" data-elementor-id=\"5686\" class=\"elementor elementor-5686\">\n\t\t\t\t\t\t<section class=\"elementor-section elementor-top-section elementor-element elementor-element-a52c0fa elementor-section-boxed elementor-section-height-default elementor-section-height-default\" data-id=\"a52c0fa\" data-element_type=\"section\">\n\t\t\t\t\t\t<div class=\"elementor-container elementor-column-gap-default\">\n\t\t\t\t\t<div class=\"elementor-column elementor-col-100 elementor-top-column elementor-element elementor-element-bf3b7d9\" data-id=\"bf3b7d9\" data-element_type=\"column\">\n\t\t\t<div class=\"elementor-widget-wrap elementor-element-populated\">\n\t\t\t\t\t\t<div class=\"elementor-element elementor-element-1780c99 elementor-widget elementor-widget-text-editor\" data-id=\"1780c99\" data-element_type=\"widget\" data-widget_type=\"text-editor.default\">\n\t\t\t\t<div class=\"elementor-widget-container\">\n\t\t\t\t\t\t\t\t\t<h2 style=\"text-align: center;\">Arqueolog\u00eda del Alma<\/h2>\t\t\t\t\t\t\t\t<\/div>\n\t\t\t\t<\/div>\n\t\t\t\t\t<\/div>\n\t\t<\/div>\n\t\t\t\t\t<\/div>\n\t\t<\/section>\n\t\t\t\t<section class=\"elementor-section elementor-top-section elementor-element elementor-element-67bf92d elementor-section-boxed elementor-section-height-default elementor-section-height-default\" data-id=\"67bf92d\" data-element_type=\"section\">\n\t\t\t\t\t\t<div class=\"elementor-container elementor-column-gap-default\">\n\t\t\t\t\t<div class=\"elementor-column elementor-col-100 elementor-top-column elementor-element elementor-element-19a5528\" data-id=\"19a5528\" data-element_type=\"column\">\n\t\t\t<div class=\"elementor-widget-wrap elementor-element-populated\">\n\t\t\t\t\t\t<div class=\"elementor-element elementor-element-a2105a3 elementor-widget elementor-widget-text-editor\" data-id=\"a2105a3\" data-element_type=\"widget\" data-widget_type=\"text-editor.default\">\n\t\t\t\t<div class=\"elementor-widget-container\">\n\t\t\t\t\t\t\t\t\t<p style=\"text-align: center;\">Todos nacemos con una naturaleza salvaje intacta.<\/p><p style=\"text-align: center;\">Luego llegan las buenas maneras, el rendimiento, la lealtad familiar, el no incomodar. Capa por capa, aprendimos a domesticarnos. Cooperamos para sobrevivir.<\/p><p style=\"text-align: center;\">\u00a0Arqueolog\u00eda del Alma es una expedici\u00f3n profunda. Desobediencia \u00edntima para recuperar lo que silenciamos para pertenecer al sistema.<\/p><p style=\"text-align: center;\">Si podamos lo salvaje, deja de florecer.\u00a0 Arqueolog\u00eda del Alma trabaja\u00a0 sobre lo que enterraste para encajar: la educaci\u00f3n que te molde\u00f3, el trabajo que te agot\u00f3, las relaciones que te adaptaron. Hasta descubrir lo que sigue siendo tuyo.<\/p><p style=\"text-align: center;\">Arqueolog\u00eda del Alma es una expedici\u00f3n para quienes han recorrido mucho y necesitan llegar al origen.<\/p><p style=\"text-align: center;\"><strong>C\u00f3mo empezamos<\/strong><\/p><p style=\"text-align: center;\"><strong>Paso 1<\/strong>: Primera conexi\u00f3n gratuita (15 min, llamada o videollamada)<\/p><p style=\"text-align: center;\">Sentimos si hay sinton\u00eda. Sin compromiso.<\/p><p style=\"text-align: center;\"><strong>Paso 2<\/strong>: El Mapa de Expedici\u00f3n<\/p><p style=\"text-align: center;\">Si hay sinton\u00eda, recibes mi cuestionario de autoindagaci\u00f3n. Lo completas a tu ritmo. Es tu primera inmersi\u00f3n: preguntas que atraviesan lo concreto, lo oculto y lo esencial. Yo lo estudio para abordar con precisi\u00f3n quir\u00fargica desde el minuto uno.<\/p><p style=\"text-align: center;\"><strong>Paso 3:<\/strong> Pack de 3 sesiones \u2014 donde lo enterrado sale a la luz.<\/p><p style=\"text-align: center;\">Una sesi\u00f3n *sostiene lo que emerge*. Tres sesiones estructuradas *sacan a la luz lo que estaba vivo bajo tierra*.<\/p><p style=\"text-align: center;\"><strong>Con qui\u00e9n trabajo<\/strong><\/p><p style=\"text-align: center;\"><strong>Claridad en la complejidad<\/strong><\/p><p style=\"text-align: center;\">Mentes anal\u00edticas, investigadores, profesionales del conocimiento. Cuando demasiada informaci\u00f3n paraliza la decisi\u00f3n.<\/p><p style=\"text-align: center;\">*\u00bbMi tendencia a pensar demasiado me met\u00eda en problemas. Mar me dio herramientas para aclararlos. Tienes que atreverte a enfrentarte a ti misma \u2014 toca el n\u00facleo. Despu\u00e9s, volv\u00ed a conectar con mi intuici\u00f3n.\u00bb*<\/p><p style=\"text-align: center;\">**Mar\u00eda**, m\u00fasica (Rotterdam)<\/p><p style=\"text-align: center;\">*\u00bbMar me ayud\u00f3 a ver con claridad a la hora de tomar decisiones en mi vida profesional y personal. No es una terapeuta que te escucha y te da la raz\u00f3n, te reta a salir de tu punto de vista subjetivo.\u00bb*<\/p><p style=\"text-align: center;\">**Ana**, antrop\u00f3loga (Almer\u00eda)<\/p><p style=\"text-align: center;\"><strong>Heridas emocionales, relacionales y geneal\u00f3gicas<\/strong><\/p><p style=\"text-align: center;\">Patrones repetitivos, heridas familiares, lo que cargas sin saber de d\u00f3nde viene. Trabajo con \u00e1rbol geneal\u00f3gico para liberar lo que no es tuyo.<\/p><p style=\"text-align: center;\">*\u00bbMar induce honestidad m\u00e1xima. Aprend\u00ed a cambiar patrones que me hac\u00edan caer en los mismos bucles. Consegu\u00ed paz interior y relaciones de calidad.\u00bb*<\/p><p style=\"text-align: center;\">**Vicente**, m\u00fasico y compositor (Denia)<\/p><p style=\"text-align: center;\">*\u00bbMar me ilumin\u00f3 el camino. Gracias a mi \u00e1rbol geneal\u00f3gico pude sacar todo lo que est\u00e1 escondido y darme cuenta de lo que tengo que trabajar.\u00bb*<\/p><p style=\"text-align: center;\">**Mari**, quiromasajista (Almer\u00eda)<\/p><p style=\"text-align: center;\"><strong>\u00a0Transiciones de vida<\/strong><\/p><p style=\"text-align: center;\">El vac\u00edo del duelo, el estancamiento profesional, el miedo a soltar lo \u00abseguro\u00bb, la b\u00fasqueda de prop\u00f3sito. Cuando la vida te pide cambiar de piel.<\/p><p style=\"text-align: center;\">*\u00bbGracias a Mar sal\u00ed de meses de estancamiento. Su ayuda fue vital para ponerme en acci\u00f3n, fruto de una profunda claridad. Mi vida dio un giro.\u00bb*<\/p><p style=\"text-align: center;\">**Paqui**, ambient\u00f3loga y profesora de yoga (Almer\u00eda)<\/p><p style=\"text-align: center;\"><strong>Crisis existencial y espiritual<\/strong><\/p><p style=\"text-align: center;\">Cuestionamiento profundo del ego, sentido de vida, cuando el crecimiento se detiene.<\/p><p style=\"text-align: center;\">*\u00bbEs caricia y luz, pero tambi\u00e9n agua que rompe la semilla. No hay exceso, no hay sobrantes. Con su recuerdo mi coraz\u00f3n se expande.\u00bb*<\/p><p style=\"text-align: center;\">**Eva**, apicultora y trabajadora social (Galicia)<\/p><p style=\"text-align: center;\"><strong>Inversi\u00f3n<\/strong><\/p><p style=\"text-align: center;\">Pack Expedici\u00f3n 3 sesiones de 90 min 360\u20ac<\/p><p style=\"text-align: center;\">Sesi\u00f3n suelta 90 min 120\u20ac<\/p><p style=\"text-align: center;\">*El Mapa de Excavaci\u00f3n se incluye con el pack.*<\/p><p style=\"text-align: center;\">\u00a0<strong>WhatsApp\/Telegram: +34 644 906 634<\/strong><\/p><p style=\"text-align: center;\">\u00a0mar@wildhologram.com<\/p><p style=\"text-align: center;\"><strong>Online \u2014 Videollamada desde cualquier lugar<\/strong><\/p><p style=\"text-align: center;\">Presencial \u2014 Reserva Biosfera Ger\u00eas-Xur\u00e9s (Ourense) \/ Moj\u00e1car (Almer\u00eda)<\/p>\t\t\t\t\t\t\t\t<\/div>\n\t\t\t\t<\/div>\n\t\t\t\t\t<\/div>\n\t\t<\/div>\n\t\t\t\t\t<\/div>\n\t\t<\/section>\n\t\t\t\t<section class=\"elementor-section elementor-top-section elementor-element elementor-element-48bf841 elementor-section-boxed elementor-section-height-default elementor-section-height-default\" data-id=\"48bf841\" data-element_type=\"section\">\n\t\t\t\t\t\t<div class=\"elementor-container elementor-column-gap-default\">\n\t\t\t\t\t<div class=\"elementor-column elementor-col-100 elementor-top-column elementor-element elementor-element-325854f\" data-id=\"325854f\" data-element_type=\"column\">\n\t\t\t<div class=\"elementor-widget-wrap elementor-element-populated\">\n\t\t\t\t\t\t\t<\/div>\n\t\t<\/div>\n\t\t\t\t\t<\/div>\n\t\t<\/section>\n\t\t\t\t<\/div>\n\t\t","protected":false},"excerpt":{"rendered":"<p>Arqueolog\u00eda del Alma Todos nacemos con una naturaleza salvaje intacta. &hellip; <\/p>\n","protected":false},"author":2,"featured_media":0,"parent":0,"menu_order":0,"comment_status":"closed","ping_status":"closed","template":"","meta":{"footnotes":""},"class_list":["post-5686","page","type-page","status-publish","hentry","grid-sizer"],"_links":{"self":[{"href":"https:\/\/wildhologram.com\/index.php?rest_route=\/wp\/v2\/pages\/5686","targetHints":{"allow":["GET"]}}],"collection":[{"href":"https:\/\/wildhologram.com\/index.php?rest_route=\/wp\/v2\/pages"}],"about":[{"href":"https:\/\/wildhologram.com\/index.php?rest_route=\/wp\/v2\/types\/page"}],"author":[{"embeddable":true,"href":"https:\/\/wildhologram.com\/index.php?rest_route=\/wp\/v2\/users\/2"}],"replies":[{"embeddable":true,"href":"https:\/\/wildhologram.com\/index.php?rest_route=%2Fwp%2Fv2%2Fcomments&post=5686"}],"version-history":[{"count":5,"href":"https:\/\/wildhologram.com\/index.php?rest_route=\/wp\/v2\/pages\/5686\/revisions"}],"predecessor-version":[{"id":6220,"href":"https:\/\/wildhologram.com\/index.php?rest_route=\/wp\/v2\/pages\/5686\/revisions\/6220"}],"wp:attachment":[{"href":"https:\/\/wildhologram.com\/index.php?rest_route=%2Fwp%2Fv2%2Fmedia&parent=5686"}],"curies":[{"name":"wp","href":"https:\/\/api.w.org\/{rel}","templated":true}]}}